{"id":27,"date":"2018-01-14T10:00:49","date_gmt":"2018-01-14T09:00:49","guid":{"rendered":"http:\/\/www.rugby-ooe.at\/wp\/?page_id=27"},"modified":"2022-08-29T10:56:58","modified_gmt":"2022-08-29T08:56:58","slug":"impressum","status":"publish","type":"page","link":"http:\/\/www.rugby-ooe.at\/index.php\/impressum\/","title":{"rendered":"Impressum"},"content":{"rendered":"<p><strong>Rugby Landesfachverband O\u00d6<\/strong><br \/>\nZVR 561571437<br \/>\nH\u00f6lderlinstra\u00dfe 26<br \/>\nA-4040 Linz<br \/>\nTel: +43 650 991 30 91<br \/>\nE-Mail: <a href=\"mailto:office@rugby-ooe.at\">office(at)rugby-ooe.at<\/a><\/p>\n<p>Bankverbindung:<br \/>\nRugby Landesfachverband Ober\u00f6sterreich<br \/>\nIBAN: AT41 2032 0321 0043 8659<br \/>\nBIC: ASPKAT2L<br \/>\nAllgemeine Sparkasse Ober\u00f6sterreich<\/p>\n<p>Der Rugby Landesfachverband O\u00d6 ist ordentliches Mitglied der Landessportorganisation O\u00d6 und des \u00d6sterreichischen Rugby Verbands.<\/p>\n<p>Zweck des Vereins ist die F\u00f6rderung und Verbreitung des Rugby-Sports in Ober\u00f6sterreich. Die Vereinst\u00e4tigkeit ist nicht auf finanziellen Gewinn gerichtet und gemeinn\u00fctzig im Sinne der Bundesabgabenordnung (BAO).<\/p>\n<p>Wir sind f\u00fcr den Inhalt von Seiten, auf die wir verlinken, nicht verantwortlich. Gleichzeitig erkl\u00e4ren wir, dass wir uns den Inhalt jener Seiten, auf die wir verlinken, nicht zu eigen machen.<\/p>\n","protected":false},"excerpt":{"rendered":"<p>Rugby Landesfachverband O\u00d6 ZVR 561571437 H\u00f6lderlinstra\u00dfe 26 A-4040 Linz Tel: +43 650 991 30 91 E-Mail: office(at)rugby-ooe.at Bankverbindung: Rugby Landesfachverband Ober\u00f6sterreich IBAN: AT41 2032 0321 0043 8659 BIC: ASPKAT2L Allgemeine Sparkasse Ober\u00f6sterreich Der Rugby Landesfachverband O\u00d6 ist ordentliches Mitglied der<\/p>\n","protected":false},"author":1,"featured_media":0,"parent":0,"menu_order":0,"comment_status":"closed","ping_status":"closed","template":"","meta":{"footnotes":""},"class_list":["post-27","page","type-page","status-publish","hentry"],"yoast_head":"<!-- This site is optimized with the Yoast SEO plugin v23.9 - https:\/\/yoast.com\/wordpress\/plugins\/seo\/ -->\n<title>Impressum - Rugby O\u00d6<\/title>\n<meta name=\"robots\" content=\"index, follow, max-snippet:-1, max-image-preview:large, max-video-preview:-1\" \/>\n<link rel=\"canonical\" href=\"http:\/\/www.rugby-ooe.at\/index.php\/impressum\/\" \/>\n<meta property=\"og:locale\" content=\"de_DE\" \/>\n<meta property=\"og:type\" content=\"article\" \/>\n<meta property=\"og:title\" content=\"Impressum - Rugby O\u00d6\" \/>\n<meta property=\"og:description\" content=\"Rugby Landesfachverband O\u00d6 ZVR 561571437 H\u00f6lderlinstra\u00dfe 26 A-4040 Linz Tel: +43 650 991 30 91 E-Mail: office(at)rugby-ooe.at Bankverbindung: Rugby Landesfachverband Ober\u00f6sterreich IBAN: AT41 2032 0321 0043 8659 BIC: ASPKAT2L Allgemeine Sparkasse Ober\u00f6sterreich Der Rugby Landesfachverband O\u00d6 ist ordentliches Mitglied der\" \/>\n<meta property=\"og:url\" content=\"http:\/\/www.rugby-ooe.at\/index.php\/impressum\/\" \/>\n<meta property=\"og:site_name\" content=\"Rugby O\u00d6\" \/>\n<meta property=\"article:publisher\" content=\"https:\/\/www.facebook.com\/RugbyLFVOberoesterreich\" \/>\n<meta property=\"article:modified_time\" content=\"2022-08-29T08:56:58+00:00\" \/>\n<meta name=\"twitter:card\" content=\"summary_large_image\" \/>\n<meta name=\"twitter:label1\" content=\"Gesch\u00e4tzte Lesezeit\" \/>\n\t<meta name=\"twitter:data1\" content=\"1\u00a0Minute\" \/>\n<script type=\"application\/ld+json\" class=\"yoast-schema-graph\">{\"@context\":\"https:\/\/schema.org\",\"@graph\":[{\"@type\":\"WebPage\",\"@id\":\"http:\/\/www.rugby-ooe.at\/index.php\/impressum\/\",\"url\":\"http:\/\/www.rugby-ooe.at\/index.php\/impressum\/\",\"name\":\"Impressum - Rugby O\u00d6\",\"isPartOf\":{\"@id\":\"http:\/\/www.rugby-ooe.at\/#website\"},\"datePublished\":\"2018-01-14T09:00:49+00:00\",\"dateModified\":\"2022-08-29T08:56:58+00:00\",\"breadcrumb\":{\"@id\":\"http:\/\/www.rugby-ooe.at\/index.php\/impressum\/#breadcrumb\"},\"inLanguage\":\"de\",\"potentialAction\":[{\"@type\":\"ReadAction\",\"target\":[\"http:\/\/www.rugby-ooe.at\/index.php\/impressum\/\"]}]},{\"@type\":\"BreadcrumbList\",\"@id\":\"http:\/\/www.rugby-ooe.at\/index.php\/impressum\/#breadcrumb\",\"itemListElement\":[{\"@type\":\"ListItem\",\"position\":1,\"name\":\"Home\",\"item\":\"http:\/\/www.rugby-ooe.at\/\"},{\"@type\":\"ListItem\",\"position\":2,\"name\":\"Impressum\"}]},{\"@type\":\"WebSite\",\"@id\":\"http:\/\/www.rugby-ooe.at\/#website\",\"url\":\"http:\/\/www.rugby-ooe.at\/\",\"name\":\"Rugby O\u00d6\",\"description\":\"Rugby Landesfachverband Ober\u00f6sterreich\",\"publisher\":{\"@id\":\"http:\/\/www.rugby-ooe.at\/#organization\"},\"potentialAction\":[{\"@type\":\"SearchAction\",\"target\":{\"@type\":\"EntryPoint\",\"urlTemplate\":\"http:\/\/www.rugby-ooe.at\/?s={search_term_string}\"},\"query-input\":{\"@type\":\"PropertyValueSpecification\",\"valueRequired\":true,\"valueName\":\"search_term_string\"}}],\"inLanguage\":\"de\"},{\"@type\":\"Organization\",\"@id\":\"http:\/\/www.rugby-ooe.at\/#organization\",\"name\":\"Rugby O\u00d6\",\"url\":\"http:\/\/www.rugby-ooe.at\/\",\"logo\":{\"@type\":\"ImageObject\",\"inLanguage\":\"de\",\"@id\":\"http:\/\/www.rugby-ooe.at\/#\/schema\/logo\/image\/\",\"url\":\"http:\/\/www.rugby-ooe.at\/wp\/wp-content\/uploads\/2018\/01\/LFV-Logo-1.png\",\"contentUrl\":\"http:\/\/www.rugby-ooe.at\/wp\/wp-content\/uploads\/2018\/01\/LFV-Logo-1.png\",\"width\":550,\"height\":550,\"caption\":\"Rugby O\u00d6\"},\"image\":{\"@id\":\"http:\/\/www.rugby-ooe.at\/#\/schema\/logo\/image\/\"},\"sameAs\":[\"https:\/\/www.facebook.com\/RugbyLFVOberoesterreich\",\"https:\/\/www.instagram.com\/rugby_ooe\/\"]}]}<\/script>\n<!-- \/ Yoast SEO plugin. -->","yoast_head_json":{"title":"Impressum - Rugby O\u00d6","robots":{"index":"index","follow":"follow","max-snippet":"max-snippet:-1","max-image-preview":"max-image-preview:large","max-video-preview":"max-video-preview:-1"},"canonical":"http:\/\/www.rugby-ooe.at\/index.php\/impressum\/","og_locale":"de_DE","og_type":"article","og_title":"Impressum - Rugby O\u00d6","og_description":"Rugby Landesfachverband O\u00d6 ZVR 561571437 H\u00f6lderlinstra\u00dfe 26 A-4040 Linz Tel: +43 650 991 30 91 E-Mail: office(at)rugby-ooe.at Bankverbindung: Rugby Landesfachverband Ober\u00f6sterreich IBAN: AT41 2032 0321 0043 8659 BIC: ASPKAT2L Allgemeine Sparkasse Ober\u00f6sterreich Der Rugby Landesfachverband O\u00d6 ist ordentliches Mitglied der","og_url":"http:\/\/www.rugby-ooe.at\/index.php\/impressum\/","og_site_name":"Rugby O\u00d6","article_publisher":"https:\/\/www.facebook.com\/RugbyLFVOberoesterreich","article_modified_time":"2022-08-29T08:56:58+00:00","twitter_card":"summary_large_image","twitter_misc":{"Gesch\u00e4tzte Lesezeit":"1\u00a0Minute"},"schema":{"@context":"https:\/\/schema.org","@graph":[{"@type":"WebPage","@id":"http:\/\/www.rugby-ooe.at\/index.php\/impressum\/","url":"http:\/\/www.rugby-ooe.at\/index.php\/impressum\/","name":"Impressum - Rugby O\u00d6","isPartOf":{"@id":"http:\/\/www.rugby-ooe.at\/#website"},"datePublished":"2018-01-14T09:00:49+00:00","dateModified":"2022-08-29T08:56:58+00:00","breadcrumb":{"@id":"http:\/\/www.rugby-ooe.at\/index.php\/impressum\/#breadcrumb"},"inLanguage":"de","potentialAction":[{"@type":"ReadAction","target":["http:\/\/www.rugby-ooe.at\/index.php\/impressum\/"]}]},{"@type":"BreadcrumbList","@id":"http:\/\/www.rugby-ooe.at\/index.php\/impressum\/#breadcrumb","itemListElement":[{"@type":"ListItem","position":1,"name":"Home","item":"http:\/\/www.rugby-ooe.at\/"},{"@type":"ListItem","position":2,"name":"Impressum"}]},{"@type":"WebSite","@id":"http:\/\/www.rugby-ooe.at\/#website","url":"http:\/\/www.rugby-ooe.at\/","name":"Rugby O\u00d6","description":"Rugby Landesfachverband Ober\u00f6sterreich","publisher":{"@id":"http:\/\/www.rugby-ooe.at\/#organization"},"potentialAction":[{"@type":"SearchAction","target":{"@type":"EntryPoint","urlTemplate":"http:\/\/www.rugby-ooe.at\/?s={search_term_string}"},"query-input":{"@type":"PropertyValueSpecification","valueRequired":true,"valueName":"search_term_string"}}],"inLanguage":"de"},{"@type":"Organization","@id":"http:\/\/www.rugby-ooe.at\/#organization","name":"Rugby O\u00d6","url":"http:\/\/www.rugby-ooe.at\/","logo":{"@type":"ImageObject","inLanguage":"de","@id":"http:\/\/www.rugby-ooe.at\/#\/schema\/logo\/image\/","url":"http:\/\/www.rugby-ooe.at\/wp\/wp-content\/uploads\/2018\/01\/LFV-Logo-1.png","contentUrl":"http:\/\/www.rugby-ooe.at\/wp\/wp-content\/uploads\/2018\/01\/LFV-Logo-1.png","width":550,"height":550,"caption":"Rugby O\u00d6"},"image":{"@id":"http:\/\/www.rugby-ooe.at\/#\/schema\/logo\/image\/"},"sameAs":["https:\/\/www.facebook.com\/RugbyLFVOberoesterreich","https:\/\/www.instagram.com\/rugby_ooe\/"]}]}},"_links":{"self":[{"href":"http:\/\/www.rugby-ooe.at\/index.php\/wp-json\/wp\/v2\/pages\/27"}],"collection":[{"href":"http:\/\/www.rugby-ooe.at\/index.php\/wp-json\/wp\/v2\/pages"}],"about":[{"href":"http:\/\/www.rugby-ooe.at\/index.php\/wp-json\/wp\/v2\/types\/page"}],"author":[{"embeddable":true,"href":"http:\/\/www.rugby-ooe.at\/index.php\/wp-json\/wp\/v2\/users\/1"}],"replies":[{"embeddable":true,"href":"http:\/\/www.rugby-ooe.at\/index.php\/wp-json\/wp\/v2\/comments?post=27"}],"version-history":[{"count":5,"href":"http:\/\/www.rugby-ooe.at\/index.php\/wp-json\/wp\/v2\/pages\/27\/revisions"}],"predecessor-version":[{"id":738,"href":"http:\/\/www.rugby-ooe.at\/index.php\/wp-json\/wp\/v2\/pages\/27\/revisions\/738"}],"wp:attachment":[{"href":"http:\/\/www.rugby-ooe.at\/index.php\/wp-json\/wp\/v2\/media?parent=27"}],"curies":[{"name":"wp","href":"https:\/\/api.w.org\/{rel}","templated":true}]}}